 3*n**2 - 5*n + 1. What is the remainder when a(5) is divided by h(3)?
49
Suppose -78*o - 24 = -84*o. Calculate the remainder when 11 is divided by o.
3
Let r = 1 + 19. Suppose -20 = 5*u + 20. What is the remainder when 2/u + (-699)/(-12) is divided by r?
18
Let m(y) = -y**2 - 10*y + 8. Let h be 7/(21/(-9)) - 3. Let x be m(h). What is the remainder when (14/8)/(4/x) is divided by 3?
2
Let p = 167 + -165. Suppose -20 = -0*d - d - 5*u, -p*d + 70 = -5*u. What is the remainder when 115 is divided by d?
25
Let w(m) be the third derivative of m**5/15 - m**4/12 + m**3/3 + 8*m**2. Let v be w(-4). Let y = v - 33. What is the remainder when y is divided by 11?
8
Suppose 4*u = -5*s + 1805, u + 111 = -2*s + 566. What is the remainder when u is divided by 16?
13
Suppose -5*n + 146 = -d - 2, 4*n = 3*d + 114. Suppose -110 = -5*g + n. Suppose -g = -5*w - z + 12, -20 = -4*z. Calculate the remainder when 19 is divided by w.
5
Suppose -27*b + 16 = -25*b. What is the remainder when 23 is divided by b?
7
Calculate the remainder when 58 is divided by 74/333 + ((-169)/(-9) - -1).
18
Let i(q) = -2*q**3 - 3*q**2 - q - 2. Suppose 26 = 4*p - 86. Calculate the remainder when i(-4) is divided by p.
26
Calculate the remainder when 252 is divided by ((-23)/2)/(((-9)/2)/9).
22
Let k(g) = -g**3 + 7*g**2 + 20*g + 9. Calculate the remainder when k(9) is divided by (-1 + -2)/(((-6)/4)/3).
3
Let x be 18/(-9)*5/(-2). Suppose 0 = -w - x, -s + w = -0*s - 47. Suppose 7*t - 5*t = s. Calculate the remainder when 62 is divided by t.
20
Suppose 3*m - 4*j - 18 = -j, -4*m - 5*j = -51. Suppose -10 = -3*z + z - 5*v, 2*z - 2*v = 10. Let o = 0 + z. Calculate the remainder when m is divided by o.
4
Suppose -82 = -2*o + 4*c, -c - c + 229 = 5*o. Suppose -5*v - i = -95, i - 15 = -v + 4. What is the remainder when o is divided by v?
7
Suppose 3*t - 32 = -t. Suppose 0 = 4*o - t - 24. Suppose -48 - 22 = -5*g. Calculate the remainder when g is divided by o.
6
Suppose 0 = 23*j + 5*j - 3416. What is the remainder when j is divided by 36?
14
Let u = -141 + 131. Calculate the remainder when (16/5)/(1*(-1)/u) is divided by 14.
4
What is the remainder when 228 is divided by (99/(-54))/((-2)/12)?
8
Suppose 4*s - f = 10, 4*f = -10 + 2. Suppose -g + m = 2*m - 5, s*g = -5*m + 7. What is the remainder when ((-34)/8)/(2/(-8)) is divided by g?
5
Suppose -3*z - 26 = -140. What is the remainder when 67 is divided by z?
29
Suppose 2*o - 2 = 0, 11 = b + o - 13. Suppose -b + 11 = -3*w. Calculate the remainder when 17 is divided by w.
1
Let n(i) = 10*i - 110. What is the remainder when n(21) is divided by 28?
16
Let w = 5 - -3. Suppose 2*b - w + 0 = 0. Suppose d + s - 26 = -3*s, b*s = 3*d - 30. What is the remainder when 27 is divided by d?
13
Let s = -55 + 47. Let t(w) = -5*w + 16. What is the remainder when t(s) is divided by 21?
14
Let m(s) = -s**3 - 3*s**2 + s. Let t = -185 - -231. Calculate the remainder when t is divided by m(-4).
10
Let s(a) = -4*a - a**3 - 14 + 2*a + 9*a + 6*a**2. Calculate the remainder when 83 is divided by s(6).
27
Let o = 295 + 69. What is the remainder when o is divided by 73?
72
Suppose 5*q + q = 42. What is the remainder when q is divided by ((-2)/(-4))/((-2)/8) - -6?
3
Let n = 310 + -185. Calculate the remainder when n is divided by 34.
23
What is the remainder when 34 is divided by ((-105)/5)/7 - -9?
4
Let j(q) = -11*q - 33. Let y(l) = -2*l + 1. Let n(h) = -j(h) + 5*y(h). What is the remainder when 102 is divided by n(-12)?
24
Calculate the remainder when 205 is divided by (98/(-6) - 1)/((-14)/21).
23
Let t be (-75)/(-21) + 2 + 36/(-14). Calculate the remainder when 0 - (-5)/15 - (-44)/t is divided by 9.
6
Calculate the remainder when 1229 is divided by (132/18)/(3/36).
85
What is the remainder when (36/15)/(6/75) - 6 is divided by 14?
10
Suppose 0 = 18*w - 13*w - 35. Calculate the remainder when 179 is divided by w.
4
Let m(o) = 5*o**2 - o + 1. Let w be m(1). Suppose 2*a - 90 = w*a. Let j = 42 + a. What is the remainder when j is divided by 5?
2
Calculate the remainder when -19 + 24 - (-2 + -140) is divided by 22.
15
Let c(x) = -x**3 + 3*x**2 + x - 1. Suppose 2*s = -s. Suppose -9 = 3*h, s = 2*r - r - h + 1. Calculate the remainder when c(r) is divided by 36.
35
Suppose -61*d + 66*d = 295. What is the remainder when d is divided by 24?
11
Suppose -l + 20 = 3*l. Suppose l*a + 24 = 6*a. Suppose 4*i - 152 = -a. What is the remainder when i is divided by 7?
4
Let j = 7 + -5. Let c be 43/7 - j/14. What is the remainder when -7 + c + 12/2 is divided by 3?
2
Let k = 45 + -174. Let h = 182 + k. Suppose 4*z - d = 67 - 16, -33 = -2*z - d. Calculate the remainder when h is divided by z.
11
Let g(t) = -t + 7. Let v be g(3). Suppose k = -v + 9. Suppose 0 = -3*h - 5*d + 42, -k*h + 28 = -3*h - 3*d. What is the remainder when 55 is divided by h?
13
Let c(s) = 8*s - 2. Suppose -28*v = 160 - 1952. What is the remainder when v is divided by c(3)?
20
Let a(f) = 6*f - 13. Let v be a(7). Suppose 2*z - v = i + 2*i, -i = 5*z - 98. Let j(c) = -c**2 + 10*c + 16. What is the remainder when z is divided by j(11)?
4
Let d(p) = 17*p + 1. Let k be d(-3). Let h = k - -83. Calculate the remainder when h is divided by 9.
6
Let p(v) = -v**2 - 17*v - 18. Let s be p(-6). Let r = -21 + s. What is the remainder when 51 is divided by r?
24
Let o(j) = 9*j - 10. Let p(z) = -z**3 - 2*z**2 + 18*z + 21. Calculate the remainder when o(8) is divided by p(0).
20
Suppose -k = -4*s + 2*s + 49, s - 3*k = 32. Suppose -3*i + 23 + 16 = 0. What is the remainder when s is divided by i?
10
Let d(r) = 11*r - 68. What is the remainder when d(16) is divided by 37?
34
Let u(a) = -5*a**2 - 105*a + 12. What is the remainder when u(-17) is divided by 59?
57
Suppose -8*d - 50 = -98. Calculate the remainder when 1832/d - (3 - (-48)/(-18)) is divided by 44.
41
Let w be ((-6)/(-10))/1*20. Calculate the remainder when 12 is divided by ((-9)/12)/((-3)/w).
0
What is the remainder when 307 is divided by ((-8)/18)/(88/(-12276))?
59
Suppose 3*v + 2*v - 250 = 0. Suppose -4*b + 131 - 63 = 0. What is the remainder when v is divided by b?
16
Suppose v = -5*f - 6, -20 = -2*v - 2*v + 2*f. Suppose 0 = 3*m - 3, -b = -v*m + 35 - 12. Let t = b + 31. What is the remainder when 35 is divided by t?
11
Suppose 56 = 4*x - 136. Let a = 7 + -2. Let h = a + 20. What is the remainder when x is divided by h?
23
Suppose 2*o = 5*n + 8, -4*o - o - 4*n = -20. Suppose -x + 96 = o*r, -1 = r - 6. What is the remainder when x is divided by 27?
22
Let r = 2 + 5. Suppose 3*w = r*w - 156. Let z = 66 - w. Calculate the remainder when z is divided by 10.
7
Let j(t) = 263*t + 3694. Suppose -131 = -2*g - 45. What is the remainder when g is divided by j(-14)?
7
Let g(m) = -2*m**2 - 19*m - 11. What is the remainder when 94 is divided by g(-7)?
22
Let c(f) = 2*f**3 - 2*f**2 + 38*f - 13. Calculate the remainder when c(8) is divided by 66.
65
Let q = 65 - 46. Suppose -7*r + 2*r - 2*b = -q, 0 = -b + 2. Calculate the remainder when (2 - (-38)/14) + 6/21 is divided by r.
2
Let q = 24237 + -24224. Let f be -2 - 2/1*2. Calculate the remainder when (2/f)/((-1)/69) is divided by q.
10
Suppose v = 2, -3*r = -r + v + 32. Let n = 15 + r. What is the remainder when 7 + -10 + (n - -7) is divided by 2?
0
What is the remainder when 0 - -39 - 5 - 16/4 is divided by 30/(-25)*(-40)/6?
6
Let m(l) = 53*l + 10. Let a = -10 + 16. Let g be m(a). Suppose 0 = 7*c - 3*c - g. Calculate the remainder when c is divided by 21.
19
Suppose 0 = 2*r - 75*n + 72*n - 1, -4*n = -r - 12. Let t = 8 - 6. What is the remainder when r is divided by t?
0
Let k be (-2 + 11/3)*6. Calculate the remainder when 33 is divided by 4*7/(-70) - (-94)/k.
6
Let t = 570 + -567. What is the remainder when 67 is divided by t?
1
What is the remainder when ((-1326)/26)/((-6)/40) is divided by 19?
17
Suppose -3*r = 2*k - 627, 3*r - 1045 = -2*r + 4*k. What is the remainder when r is divided by 21?
20
Let i = -190 - -271. Let t = i + -66. Let o = -13 + 68. Calculate the remainder when o is divided by t.
10
Suppose 10*d - 813 = 177. Calculate the remainder when d is divided by 20.
19
Suppose -12 - 132 = -6*n. Calculate the remainder when 114 is divided by n.
18
Let c(f) = -f + 10. Suppose -3*r + 11 + 16 = 3*m, -4*m + 8 = 0. Suppose 0 = 4*o, -o - 12 = -a -